) = 5*r**3 - 12*r**2 - 10*r + 9. Let x(i) = -12*i**3 + 23*i**2 + 19*i - 18. Let k(b) = -3*x(b) - 7*y(b). Calculate k(-14).
5
Let m(z) = z**2 + 3. Let h = -9 - -14. Suppose -h*w = -0*w. Determine m(w).
3
Let m(c) = c**3 + c**2 - c - 22. Suppose -13 = -4*u - 2*p + 15, -u = -5*p + 4. Suppose -v + u*v = 3*v. Determine m(v).
-22
Let l(x) = -3*x + 9. Let t(g) = 7*g - 18. Let u(q) = -10*l(q) - 4*t(q). Let w be u(12). Let d(c) = -c**2 + 6*c - 7. What is d(w)?
-7
Let u(l) = -4*l**3 - 8*l**2 + 8*l - 7. Let h(a) = -5*a**3 - 8*a**2 + 9*a - 7. Let g(r) = 5*h(r) - 6*u(r). Determine g(7).
35
Let u(b) be the second derivative of b**2 + 0 - 2/3*b**3 - 36*b. Calculate u(2).
-6
Let j(y) = -y**3 - 8*y**2 + 2*y + 11. Let v = -49 - 25. Let h = v - -66. Give j(h).
-5
Let r(o) = -27*o**2 + 59*o + 8 - 64*o + 26*o**2. Let t(d) = 7*d**2 + d**3 + 3*d - 4*d - 6*d + 2. Let g be t(-8). Determine r(g).
2
Suppose -2*y = -3*l + 7, -8*l - 10 = -3*l + y. Let z(g) = -4*g**3. Calculate z(l).
4
Let s(k) = -47 + 6*k + 29 + 3*k + 41. Determine s(-6).
-31
Let w(k) be the first derivative of k**6/360 - k**5/20 + 7*k**4/24 + 4*k**3/3 - 2. Let p(r) be the third derivative of w(r). Calculate p(5).
2
Let l = -29 + -15. Let k = l + 44. Let q(h) = -h + 4. Calculate q(k).
4
Let w(f) = 2*f**2 + 28*f - 1. Let h be -15 - ((-16)/(-4) - 5). Give w(h).
-1
Let l(u) = 2*u - 3. Let w be (-3)/12 - 68/(-16). Suppose 44 - w = 10*d. What is l(d)?
5
Let t(f) be the second derivative of f**6/360 - 7*f**5/120 - f**4/4 + 29*f**3/6 + 26*f. Let s(j) be the second derivative of t(j). Give s(5).
-16
Let g = 497 - 500. Let k(n) = 2*n + 7. Determine k(g).
1
Let g(c) = 20. Let r(q) = -q + 131. Let u(n) = -6*g(n) + r(n). Give u(-5).
16
Let i(g) = -g**3 - 15*g**2 - 14*g - 4. Let c be i(-14). Let o(y) = y - 1. What is o(c)?
-5
Suppose 16*h - 13*h = 12. Let d be ((-15)/(-10))/((-2)/h). Let y(r) be the first derivative of -r**4/4 - 4*r**3/3 + 2*r + 3. Determine y(d).
-7
Let v(w) = -2*w. Let o(x) = x + 10. Let q be o(-11). Let a be v(q). Let p be 12*(a - 1)/(-2). Let i(s) = -s**3 - 6*s**2 - 5. What is i(p)?
-5
Let n(d) = d**3 + 4*d**2 + 7*d + 1. Let m(g) = g**3 + 3*g**2 + 7*g + 1. Let h(p) = 3*m(p) - 4*n(p). Let r be 216/(-15) - 3/5. Let c = r - -9. Give h(c).
5
Let j(t) = -6*t - 3. Let a(c) = -5*c - 3. Let l(y) = -7*a(y) + 6*j(y). Let i = -117 + 170. Suppose w = 3*f + 2*f + 32, -4*w + 5*f + i = 0. Calculate l(w).
-4
Let o(s) = 18*s**3 + 2*s + 36 - s**2 + 31 - 68. Let y(t) = t + 7. Let q be -7*((-36)/14)/(-3). Let h be y(q). What is o(h)?
18
Suppose -2*o + 5*p = -6*o + 30, 4 = -2*p. Suppose 3*u + o = u. Let z(v) = v**2 + 6*v + 3. Determine z(u).
-2
Let r be -4 + (-80)/(-30) - -2. Let b(h) be the first derivative of 1 + 1/2*h**2 + r*h**3 - 1/4*h**4 - h. Give b(3).
-7
Let i(v) = v**3 - 4*v - 6*v**2 - 5 + 1 - 2*v**3. Let s be ((-6)/2 + (-20)/(-6))*24. Suppose -l = 5*u, 3*l - u = -8 - s. Determine i(l).
-9
Let y(g) be the first derivative of 7 + g**3 + 3*g - 3/2*g**2 + 1/4*g**4. Let b be 3/2*-1*2. Give y(b).
12
Let h(s) = -s**2 + 2. Suppose 46 = -22*k + 24*k. Suppose -k*i + 24*i = 2. Calculate h(i).
-2
Let i = -209 + 305. Let f be 42/(-8) - 72/i. Let u(p) = 2 - 2 + 6*p + p**2. Calculate u(f).
0
Let p(n) = 8*n**3. Suppose -z - 2*t + 8 = z, z = 2*t + 10. Suppose 2*c - 5*g + 12 = 0, -5*g = 5*c - c - z. Determine p(c).
-8
Let d(r) = 6*r - 5. Let b = 1605 + -1610. Give d(b).
-35
Let a be 1/4 + 357/28. Let d(x) = -x**3 + 12*x**2 + 14*x - 7. Let u be d(a). Let n(w) = -w + 5. What is n(u)?
-1
Let k(n) = n**2 - 6*n - 3. Suppose -4*a = a - 4*a. Let h = 6 - a. What is k(h)?
-3
Let t(w) = 3*w + 1. Let y = -24 - -7. Let p be (-2)/(-3) + y/3. Determine t(p).
-14
Suppose -u + 34 = 42. Let q(k) = -k**3 - 9*k**2 - 8*k + 8. Calculate q(u).
8
Let b be ((-2)/(-4))/(1/2). Let n = 3 - b. Let j(p) = 2*p - 1. Give j(n).
3
Let b(z) = -5*z**3 + 4*z**3 + 5 + 3*z**2 + 0*z**3 - 8*z**2. Calculate b(-2).
-7
Let s(o) = o + 1. Let t(p) = -20. Let n(x) = -6*s(x) - t(x). Let r(g) = 2*g - 5. Let b(c) = -6*n(c) - 17*r(c). Determine b(-4).
-7
Let p(s) be the third derivative of 7*s**2 - 5/6*s**3 + 0*s - 1/12*s**4 + 0. Let x(b) = -b - 20. Let d be x(-15). What is p(d)?
5
Let m(j) = 3*j**2 + j + 32. Let o(h) = -7*h**2 - 3*h - 77. Let z(b) = 12*m(b) + 5*o(b). Let y(t) = t**3 + 5*t**2 - 6*t - 2. Let q be y(-6). Determine z(q).
9
Let f(u) = -u + 8. Let r be (-26)/(-6)*(-26 + 29). Suppose -r = -4*t + b + 17, 3*t + 5*b = 34. Calculate f(t).
0
Suppose -61*i = -10*i. Let x(s) be the second derivative of 1/6*s**3 + i - 11*s + 1/2*s**2. Determine x(7).
8
Let i(q) = q**2 + q. Let l(m) = -5*m**2 - 5*m + 7. Let s(w) = -6*i(w) - l(w). Let b(y) = -y**2 - 3*y + 4. Suppose 1 = d + 5. Let v be b(d). Give s(v).
-7
Suppose 14*n - 31 = -3. Let h(k) = 3*k**2 - k - 2. What is h(n)?
8
Let m(k) be the first derivative of k**4/4 - 2*k**2 - 1. Suppose 0 = 3*w + v + 4, -4*v + 37 = -4*w + 5. Give m(w).
-15
Let l = -13 - -18. Let r be (0 - -2)*l/(-2). Let m(x) = x**2 + 3*x - 3. Give m(r).
7
Let t(j) = -j**3 + 24*j**2 - 23*j - 10. Suppose -2*o - 9 + 55 = 0. Calculate t(o).
-10
Let l be (-42)/(-7)*2/2. Let t(x) = -2*x**3 - x**2 + 7*x - 11. Let f(d) = -d**3 + 3*d - 5. Let k(r) = l*t(r) - 13*f(r). What is k(5)?
-11
Suppose 18*b - 13*b = 150. Suppose 3*w + b = -2*w. Let h(y) = -y**3 - 7*y**2 - 8*y - 3. Give h(w).
9
Let q(n) = -7*n**2 - 5. Let c(z) = 6*z**2 - 2*z + 5. Let s(d) = -6*c(d) - 5*q(d). What is s(12)?
-5
Let t(q) be the second derivative of -1/6*q**3 + 0 + 11*q - 5/2*q**2. Give t(-4).
-1
Let d(p) = 27*p**2 + 37*p**2 - 63*p**2 - 5 - 4*p. Calculate d(4).
-5
Let h(d) be the third derivative of 1/24*d**4 + 0*d**3 + 0*d - 25*d**2 + 0 + 1/30*d**5 + 1/24*d**6. Let o be -2 + 1 + 0 + 0. Determine h(o).
-4
Let m(n) be the first derivative of -2*n**2 + 3*n + 1. Let r = -273 + 270. Calculate m(r).
15
Let g(u) be the second derivative of -u**4/12 + 7*u**3/3 - 22*u**2 - 940*u. Determine g(9).
1
Let h(k) = k**3 - 15*k**2 + 17*k - 15. Let l(y) = y + 5. Let x be l(9). Let j be h(x). Suppose -9 = -4*b + j. Let s(z) = z**2 - 9*z - 1. What is s(b)?
-1
Let w(v) = v + 2. Let j be w(-5). Let r(t) be the third derivative of -t**5/60 - t**4/24 + 2*t**3/3 - 7*t**2 - 15. What is r(j)?
-2
Let b(n) be the first derivative of n**4/4 - 4*n**3/3 - 5*n**2/2 - 5*n - 2. Let x(i) = -4*i - 11. Let l be x(-4). Calculate b(l).
-5
Let j(a) be the first derivative of 7/3*a**3 + 8*a + 1/4*a**4 + 4*a**2 + 3. Let s be (10/4 - 2)*-12. Determine j(s).
-4
Let w(f) be the third derivative of -1/3*f**3 + 19*f**2 + 1/6*f**4 + 1/120*f**6 - 1/15*f**5 + 0 + 0*f. Give w(3).
1
Suppose -3*v - 45 - 60 = 0. Let j = v - -40. Let x(i) be the first derivative of i**3/3 - 2*i**2 + 5*i - 4. Determine x(j).
10
Suppose 0 = 16*q - 295 + 359. Let b(i) = -i**3 - 4*i**2 + 5*i + 24. Calculate b(q).
4
Let u(r) = -r**2 - 6*r - 3. Let t be u(-4). Suppose t*h + 4*n - 4 = 3*h, 0 = -2*h - 5*n + 8. Let a(q) = -q - 6. Determine a(h).
0
Let j(w) = -3*w**3 + 2*w**2 + 7*w + 5. Let q(c) = -c**2 + 18*c - 18. Let n be q(17). Let i(r) = r**3 + r**2 - r - 1. Let f(a) = n*j(a) - 2*i(a). What is f(5)?
-3
Let a = -7 - -9. Suppose -a*n - 9 + 1 = 0. Let i(u) = -u**2 - 4*u - 6. What is i(n)?
-6
Suppose 2*n - 4 = 0, 4 = r + n - 1. Suppose r*q - 7*q = 0. Let k(x) = 4*x**2 + x**3 - x + 0*x - 5 - 3*x**2. What is k(q)?
-5
Suppose 2*t + 12 = 3*h - h, t - 2 = -h. Let x(b) = -6*b**2 - 2. Calculate x(t).
-26
Let z(h) = -2*h**3 - 3*h**2 + 4. Suppose -49*x + 194 = -146*x. Determine z(x).
8
Let h(i) = -2*i + 57. Let j(l) = -4*l + 95. Let o(a) = -10*h(a) + 6*j(a). Suppose m = -1 - 0. Calculate o(m).
4
Let v(g) = -g**2 - 10*g + 22. Let z(h) = -2*h**3 - 7*h**2 + 10*h + 23. Let x be z(-2). Determine v(x).
31
Let t(l) = 5*l - 8. Let b(s) = -11*s + 17. Let p(d) = 4*b(d) + 9*t(d). Suppose -45*h = -96*h + 510. Determine p(h).
6
Let j(v) = v**3 - 8*v**2 - 10*v - 3. Let c be j(8). Let u = -82 - c. Let o(a) = 25*a**3 - a**2 + 1. What is o(u)?
25
Let t(r) = r**3 + 4*r**2 - 19*r + 15. Let q = 467 - 474. Determine t(q).
1
Let v(w) = -1 - 8*w**2 + 2*w**3 - 8 - 7*w + 0*w**3 + 9*w**3 - 10*w**3. Give v(9).
9
Let c(y) be the third derivative of -y**6/120 - 3*y**5/20 - 5*y**4/12 - y**3/3 + 34*y**2 + 3*y. Calculate c(-8).
14
Let u(k) be the first derivative of 0*k + 1/2*k**2 + 4. What is u(6)?
6
Let y(o) = 